{"id":1961,"date":"2022-04-21T00:29:44","date_gmt":"2022-04-21T03:29:44","guid":{"rendered":"https:\/\/www.asociacionbioquimicauruguaya.org\/?page_id=1961"},"modified":"2022-04-21T00:45:19","modified_gmt":"2022-04-21T03:45:19","slug":"reglamentos-becas-abu","status":"publish","type":"page","link":"https:\/\/www.asociacionbioquimicauruguaya.org\/?page_id=1961","title":{"rendered":"Reglamentos Becas ABU"},"content":{"rendered":"\n<div class=\"wp-block-coblocks-accordion\">\n<div class=\"wp-block-coblocks-accordion-item\"><details><summary class=\"wp-block-coblocks-accordion-item__title\">Cap\u00edtulo I &#8211; Definiciones y Objetivos<\/summary><div class=\"wp-block-coblocks-accordion-item__content\">\n<p><strong>Art\u00edculo 1:<\/strong>&nbsp;La ABU, ha decidido crear un sistema de Becas, cuyo objetivo es&nbsp; mejorar la formaci\u00f3n de los Bioqu\u00edmicos Cl\u00ednicos y QF que trabajan en el \u00e1rea entendiendo que estos profesionales pueden capacitarse en \u00e1reas espec\u00edficas realizando cursos o pasant\u00edas en reconocidos Laboratorios y centros de la regi\u00f3n o de otros pa\u00edses m\u00e1s alejados.<\/p>\n\n\n\n<p><strong>Art\u00edculo 2:<\/strong>&nbsp;El&nbsp; objetivo de estas Pasant\u00edas es complementar la formaci\u00f3n del profesional becado, mejorando los conocimientos te\u00f3ricos y pr\u00e1cticos en todas aquellas disciplinas comprendidas en Bioqu\u00edmica Cl\u00ednica de acuerdo al plan de estudio de dicha carrera.<\/p>\n\n\n\n<p><strong>Art\u00edculo 3:<\/strong>&nbsp;La ABU designar\u00e1 una Comisi\u00f3n de Becas, donde estar\u00e1n representadas las \u00e1reas principales de la Bioqu\u00edmica Cl\u00ednica. Estar\u00e1 formada por 3 miembros y podr\u00e1 asesorarse con especialistas en los temas solicitados por los postulantes. Esta Comisi\u00f3n ser\u00e1 renovada con cada directiva.<\/p>\n\n\n\n<p><strong>Art\u00edculo 4:<\/strong>&nbsp;El manejo de todos los tr\u00e1mites administrativos que acompa\u00f1en a esta pasant\u00eda ser\u00e1 de competencia de dicha Comisi\u00f3n, con la Asesor\u00eda permanente de la Comisi\u00f3n Directiva de ABU.&nbsp; Se destinaran no menos de un 20% de los fondos de la sociedad anualmente para el fondo de becas, en tanto que hayan proyectos que lo ameriten. Se conservar\u00e1 un fondo residual que a criterio de la CD asegure las actividades normales de la ABU por 4 a\u00f1os.<\/p>\n<\/div><\/details><\/div>\n\n\n\n<div class=\"wp-block-coblocks-accordion-item\"><details><summary class=\"wp-block-coblocks-accordion-item__title\">Cap\u00edtulo II &#8211; Requisitos e Inscripci\u00f3n<\/summary><div class=\"wp-block-coblocks-accordion-item__content\">\n<p><strong>Art\u00edculo 5:<\/strong>&nbsp;Las Instituciones donde se realizar\u00e1 la beca&nbsp; podr\u00e1n ser lugares de reconocida trayectoria aprobados por la Comisi\u00f3n de Becas.<\/p>\n\n\n\n<p>Las condiciones en que se desarrollar\u00e1 la beca ser\u00e1n:<\/p>\n\n\n\n<p>La duraci\u00f3n ser\u00e1 por un periodo a convenir.<\/p>\n\n\n\n<p>El horario a cumplir se coordinar\u00e1 con el lugar de trabajo.<\/p>\n\n\n\n<p>La asistencia ser\u00e1 obligatoria salvo en caso de enfermedad o fuerza mayor justificadas debidmente ante la Comisi\u00f3n de Becas.<\/p>\n\n\n\n<p>ABU, se har\u00e1 cargo de los gastos de traslado desde el pa\u00eds de origen al lugar de la pasant\u00eda, inscripci\u00f3n si corresponde y\/o del alojamiento del becario, dependiendo de los fondos disponibles, de acuerdo al art\u00edculo 4 de este reglamento.<\/p>\n\n\n\n<p><strong>Art\u00edculo 6:<\/strong>&nbsp; &nbsp;Los requisitos exigidos para postularse para esta Beca ser\u00e1n:<\/p>\n\n\n\n<p>Ser miembro activo de ABU por lo menos con un a\u00f1o de antig\u00fcedad.<\/p>\n\n\n\n<p>Ser Bioqu\u00edmico Cl\u00ednico o QF<\/p>\n\n\n\n<p>Estudiante avanzado: Tener cursadas todas las materias obligatorias de la carrera Bioqu\u00edmico Cl\u00ednico, Demostrar un grado de avance tal que tenga aprobado un 80% de los cursos profesionales obligatorio, Poseer actividad acad\u00e9mica positiva demostrable en el \u00faltimo semestre.<\/p>\n\n\n\n<p>Presentar un proyecto de lo que aspira a especializarse con la beca.<\/p>\n\n\n\n<p>Presentar una nota comprometi\u00e9ndose a volver al pa\u00eds.<\/p>\n\n\n\n<p>Presentar referencias profesionales y\/o acad\u00e9micas.<\/p>\n\n\n\n<p>Se evaluar\u00e1 positivamente la actuaci\u00f3n del postulante en la actividad de ABU.<\/p>\n\n\n\n<p><strong>Art\u00edculo 7:<\/strong>&nbsp; &nbsp;La inscripci\u00f3n se realizar\u00e1 en formulario donde se establecer\u00e1n los datos personales y se adjuntar\u00e1 Curr\u00edculo Vitae.<\/p>\n<\/div><\/details><\/div>\n\n\n\n<div class=\"wp-block-coblocks-accordion-item\"><details><summary class=\"wp-block-coblocks-accordion-item__title\">Cap\u00edtulo III &#8211; Selecci\u00f3n<\/summary><div class=\"wp-block-coblocks-accordion-item__content\">\n<p><strong>Art\u00edculo 8:<\/strong>&nbsp;La selecci\u00f3n&nbsp; se realizar\u00e1&nbsp; dentro de los postulantes presentados&nbsp; evaluando la actividad profesional del mismo y las posibilidades reales que tiene de implementar luego en el pa\u00eds lo recibido en la beca. Se realizar\u00e1 una entrevista entre los miembros del Comit\u00e9 y el postulante.<\/p>\n<\/div><\/details><\/div>\n\n\n\n<div class=\"wp-block-coblocks-accordion-item\"><details><summary class=\"wp-block-coblocks-accordion-item__title\">Cap\u00edtulo IV &#8211; Supervisi\u00f3n y Evaluaci\u00f3n<\/summary><div class=\"wp-block-coblocks-accordion-item__content\">\n<p><strong>Art\u00edculo 9:<\/strong>&nbsp;La orientaci\u00f3n y supervisi\u00f3n del becario ser\u00e1 ejercida conjuntamente por un profesional designado por la instituci\u00f3n donde se realizar\u00e1 la beca, y un miembro de la Comisi\u00f3n de Becas de acuerdo al \u00e1rea elegida.<\/p>\n\n\n\n<p><strong>Art\u00edculo 10:&nbsp;<\/strong>&nbsp;&nbsp;Evaluaci\u00f3n.&nbsp; El becario, una vez finalizada su pasant\u00eda, realizar\u00e1 un informe t\u00e9cnico detallando la experiencia y conocimientos adquiridos y presentar\u00e1 en una charla para ABU el tema de su especializaci\u00f3n.<\/p>\n\n\n\n<p><strong>Art\u00edculo 11:<\/strong>&nbsp;Toda situaci\u00f3n no prevista en este Reglamento ser\u00e1 resuelta por la Comisi\u00f3n de Becas en consulta con la Comisi\u00f3n Directiva de ABU.<\/p>\n\n\n\n<p><strong>Art\u00edculo 12:<\/strong>&nbsp;El becado debe presentar comprobante de gastos.<\/p>\n<\/div><\/details><\/div>\n<\/div>\n\n\n\n<p class=\"has-text-align-right\">Vigencia 2022.<\/p>\n\n\n\n<h2>Documentos<\/h2>\n\n\n\n<p>Descarga: <a rel=\"noreferrer noopener\" href=\"https:\/\/www.asociacionbioquimicauruguaya.org\/wp-content\/uploads\/2021\/05\/formulario-inscripcio\u0301n-beca-1.docx\" target=\"_blank\">Formulario de Beca<\/a><\/p>\n","protected":false},"excerpt":{"rendered":"<p>Vigencia 2022. Documentos Descarga: Formulario de Beca<\/p>\n","protected":false},"author":1,"featured_media":0,"parent":0,"menu_order":0,"comment_status":"closed","ping_status":"closed","template":"","meta":{"_coblocks_attr":"","_coblocks_dimensions":"","_coblocks_responsive_height":"","_coblocks_accordion_ie_support":""},"_links":{"self":[{"href":"https:\/\/www.asociacionbioquimicauruguaya.org\/index.php?rest_route=\/wp\/v2\/pages\/1961"}],"collection":[{"href":"https:\/\/www.asociacionbioquimicauruguaya.org\/index.php?rest_route=\/wp\/v2\/pages"}],"about":[{"href":"https:\/\/www.asociacionbioquimicauruguaya.org\/index.php?rest_route=\/wp\/v2\/types\/page"}],"author":[{"embeddable":true,"href":"https:\/\/www.asociacionbioquimicauruguaya.org\/index.php?rest_route=\/wp\/v2\/users\/1"}],"replies":[{"embeddable":true,"href":"https:\/\/www.asociacionbioquimicauruguaya.org\/index.php?rest_route=%2Fwp%2Fv2%2Fcomments&post=1961"}],"version-history":[{"count":0,"href":"https:\/\/www.asociacionbioquimicauruguaya.org\/index.php?rest_route=\/wp\/v2\/pages\/1961\/revisions"}],"wp:attachment":[{"href":"https:\/\/www.asociacionbioquimicauruguaya.org\/index.php?rest_route=%2Fwp%2Fv2%2Fmedia&parent=1961"}],"curies":[{"name":"wp","href":"https:\/\/api.w.org\/{rel}","templated":true}]}}