{"id":2900,"date":"2025-11-26T17:08:16","date_gmt":"2025-11-26T20:08:16","guid":{"rendered":"https:\/\/www.asociacionbioquimicauruguaya.org\/?page_id=2900"},"modified":"2025-11-26T17:41:05","modified_gmt":"2025-11-26T20:41:05","slug":"comisiones-y-representantes-abu%ef%bf%bc","status":"publish","type":"page","link":"https:\/\/www.asociacionbioquimicauruguaya.org\/?page_id=2900","title":{"rendered":"Comisiones y Representantes ABU\ufffc"},"content":{"rendered":"\n<h2 id=\"representacion-internacional\">Representaci\u00f3n Internacional (IFCC y Regional)<\/h2>\n\n\n\n<h3><strong>Carlos Lacava<\/strong><\/h3>\n\n\n\n<ul><li>Reference Intervals and Decision Limits (C-RIDL) &#8211; Corresponding Member<\/li><li>Comit\u00e9 de Nomenclatura para Propiedades y Unidades (C-NPU) &#8211; Corresponding Member<\/li><\/ul>\n\n\n\n<h3><strong>Stella Raymondo<\/strong><\/h3>\n\n\n\n<ul><li>Representante Nacional ante IFCC<\/li><\/ul>\n\n\n\n<h3><strong>Ana Lena<\/strong><\/h3>\n\n\n\n<ul><li>Representante Regional COLABIOCLI ante IFCC<\/li><\/ul>\n\n\n\n<h3><strong>Fernando Ant\u00fanez<\/strong><\/h3>\n\n\n\n<ul><li>Member IFCC Task Force Environmental Impact of Lab Med (TF-EILM)<\/li><\/ul>\n\n\n\n<h3><strong>Ana Piana<\/strong><\/h3>\n\n\n\n<ul><li>Traceability in Laboratory Medicine (C-TLM)<\/li><li>WG IANT<\/li><\/ul>\n\n\n\n<h3><strong>M. Eugenia Schroeder<\/strong><\/h3>\n\n\n\n<ul><li>Member Public Relations (C-PR)<\/li><li>Corresponding member TF-YS<\/li><\/ul>\n\n\n\n<h3><strong>Romina Medeiros<\/strong><\/h3>\n\n\n\n<ul><li>Committee on Clinical Applications of Cardiac Bio-Markers (C-CB)<\/li><\/ul>\n\n\n\n<h3><strong>Beatriz Varela<\/strong><\/h3>\n\n\n\n<ul><li><span style=\"font-family: -apple-system, system-ui, BlinkMacSystemFont, &quot;Segoe UI&quot;, Helvetica, Arial, sans-serif, &quot;Apple Color Emoji&quot;, &quot;Segoe UI Emoji&quot;, &quot;Segoe UI Symbol&quot;;\">Working Group on Method Evaluation Protocols (WG-MEP)<\/span><\/li><\/ul>\n\n\n\n<h3><strong>Maria Elena Cardoso<\/strong><\/h3>\n\n\n\n<ul><li>Member \u201cMolecular Diagnostics in Infectious Diseases (C-MDID)\u201d<\/li><\/ul>\n\n\n\n<h2 id=\"grupos-de-trabajo\">Grupos de Trabajo<\/h2>\n\n\n\n<h3><strong>Grupo de Acreditaci\u00f3n<\/strong><\/h3>\n\n\n\n<ul><li>Titular: <strong>Beatriz Varela<\/strong><\/li><li>Suplente: <strong>Ana Piana<\/strong><\/li><\/ul>\n\n\n\n<h3><strong>Grupo de Autoinmunidad<\/strong><\/h3>\n\n\n\n<ul><li>Coordinador: <strong>Fernando Ant\u00fanez<\/strong><\/li><li>Suplentes: <strong>Mariana Testuri, Diana Landoni<\/strong><\/li><\/ul>\n\n\n\n<h3><strong>Grupo de J\u00f3venes Profesionales<\/strong><\/h3>\n\n\n\n<ul><li>Titular: <strong>Romina Medeiros<\/strong><\/li><\/ul>\n\n\n\n<h3><strong>Comisi\u00f3n Acad\u00e9mica Gremial y Gesti\u00f3n<\/strong><\/h3>\n\n\n\n<ul><li><strong>Graciela Borthagaray<\/strong><\/li><\/ul>\n\n\n\n<h3><strong>Grupo de Pre-Anal\u00edtica<\/strong><\/h3>\n\n\n\n<ul><li><span style=\"font-family: -apple-system, system-ui, BlinkMacSystemFont, &quot;Segoe UI&quot;, Helvetica, Arial, sans-serif, &quot;Apple Color Emoji&quot;, &quot;Segoe UI Emoji&quot;, &quot;Segoe UI Symbol&quot;;\"><strong>Beatriz Varela<\/strong><\/span><\/li><\/ul>\n\n\n\n<h2 id=\"representacion-institucional\">Representaci\u00f3n Institucional y Acad\u00e9mica<\/h2>\n\n\n\n<h3><strong>Facultad de Qu\u00edmica (FQ)<\/strong><\/h3>\n\n\n\n<ul><li>Consejo: <strong>Fernando Ant\u00fanez<\/strong><\/li><li>Claustro (Egresados Suplente): <strong>Cristina Servetto<\/strong><\/li><li>Comisi\u00f3n de Presupuesto: <strong>Graciela Borthagaray<\/strong><\/li><li>Comisi\u00f3n de Rev\u00e1lida: <strong>Cristina Servetto<\/strong><\/li><li>Comisi\u00f3n de Carrera: <strong>Romina Medeiros<\/strong> (Coord.), <strong>Nicol Denis<\/strong><\/li><\/ul>\n\n\n\n<h3><strong>UNIT<\/strong><\/h3>\n\n\n\n<p>Secretar\u00eda T\u00e9cnica: <strong>Ana Piana<\/strong><\/p>\n\n\n\n<h3><strong>CECC<\/strong><\/h3>\n\n\n\n<ul><li>Titular: <strong>Laura Yametti<\/strong><\/li><li>Suplente: <strong>Mariana Testuri<\/strong><\/li><\/ul>\n\n\n\n<h3><strong>Programa del Cannabis<\/strong><\/h3>\n\n\n\n<ul><li>Comit\u00e9 T\u00e9cnico Asesor: <strong>Fernanda Coutinho<\/strong><\/li><\/ul>\n","protected":false},"excerpt":{"rendered":"<p>Representaci\u00f3n Internacional (IFCC y Regional) Carlos Lacava Reference Intervals and Decision Limits (C-RIDL) &#8211; Corresponding Member Comit\u00e9 de Nomenclatura para Propiedades y Unidades (C-NPU) &#8211; Corresponding Member Stella Raymondo Representante Nacional ante IFCC Ana Lena Representante Regional COLABIOCLI ante IFCC Fernando Ant\u00fanez Member IFCC Task Force Environmental Impact of Lab Med (TF-EILM) Ana Piana Traceability &#8230; <a title=\"Comisiones y Representantes ABU\ufffc\" class=\"read-more\" href=\"https:\/\/www.asociacionbioquimicauruguaya.org\/?page_id=2900\" aria-label=\"M\u00e1s en Comisiones y Representantes ABU\ufffc\">Leer m\u00e1s<\/a><\/p>\n","protected":false},"author":1,"featured_media":0,"parent":0,"menu_order":0,"comment_status":"closed","ping_status":"closed","template":"","meta":{"_coblocks_attr":"","_coblocks_dimensions":"","_coblocks_responsive_height":"","_coblocks_accordion_ie_support":""},"_links":{"self":[{"href":"https:\/\/www.asociacionbioquimicauruguaya.org\/index.php?rest_route=\/wp\/v2\/pages\/2900"}],"collection":[{"href":"https:\/\/www.asociacionbioquimicauruguaya.org\/index.php?rest_route=\/wp\/v2\/pages"}],"about":[{"href":"https:\/\/www.asociacionbioquimicauruguaya.org\/index.php?rest_route=\/wp\/v2\/types\/page"}],"author":[{"embeddable":true,"href":"https:\/\/www.asociacionbioquimicauruguaya.org\/index.php?rest_route=\/wp\/v2\/users\/1"}],"replies":[{"embeddable":true,"href":"https:\/\/www.asociacionbioquimicauruguaya.org\/index.php?rest_route=%2Fwp%2Fv2%2Fcomments&post=2900"}],"version-history":[{"count":0,"href":"https:\/\/www.asociacionbioquimicauruguaya.org\/index.php?rest_route=\/wp\/v2\/pages\/2900\/revisions"}],"wp:attachment":[{"href":"https:\/\/www.asociacionbioquimicauruguaya.org\/index.php?rest_route=%2Fwp%2Fv2%2Fmedia&parent=2900"}],"curies":[{"name":"wp","href":"https:\/\/api.w.org\/{rel}","templated":true}]}}

<h2 id="representacion-internacional">Representación Internacional (IFCC y Regional)</h2>



<h3><strong>Carlos Lacava</strong></h3>



<ul><li>Reference Intervals and Decision Limits (C-RIDL) &#8211; Corresponding Member</li><li>Comité de Nomenclatura para Propiedades y Unidades (C-NPU) &#8211; Corresponding Member</li></ul>



<h3><strong>Stella Raymondo</strong></h3>



<ul><li>Representante Nacional ante IFCC</li></ul>



<h3><strong>Ana Lena</strong></h3>



<ul><li>Representante Regional COLABIOCLI ante IFCC</li></ul>



<h3><strong>Fernando Antúnez</strong></h3>



<ul><li>Member IFCC Task Force Environmental Impact of Lab Med (TF-EILM)</li></ul>



<h3><strong>Ana Piana</strong></h3>



<ul><li>Traceability in Laboratory Medicine (C-TLM)</li><li>WG IANT</li></ul>



<h3><strong>M. Eugenia Schroeder</strong></h3>



<ul><li>Member Public Relations (C-PR)</li><li>Corresponding member TF-YS</li></ul>



<h3><strong>Romina Medeiros</strong></h3>



<ul><li>Committee on Clinical Applications of Cardiac Bio-Markers (C-CB)</li></ul>



<h3><strong>Beatriz Varela</strong></h3>



<ul><li><span style="font-family: -apple-system, system-ui, BlinkMacSystemFont, &quot;Segoe UI&quot;, Helvetica, Arial, sans-serif, &quot;Apple Color Emoji&quot;, &quot;Segoe UI Emoji&quot;, &quot;Segoe UI Symbol&quot;;">Working Group on Method Evaluation Protocols (WG-MEP)</span></li></ul>



<h3><strong>Maria Elena Cardoso</strong></h3>



<ul><li>Member “Molecular Diagnostics in Infectious Diseases (C-MDID)”</li></ul>



<h2 id="grupos-de-trabajo">Grupos de Trabajo</h2>



<h3><strong>Grupo de Acreditación</strong></h3>



<ul><li>Titular: <strong>Beatriz Varela</strong></li><li>Suplente: <strong>Ana Piana</strong></li></ul>



<h3><strong>Grupo de Autoinmunidad</strong></h3>



<ul><li>Coordinador: <strong>Fernando Antúnez</strong></li><li>Suplentes: <strong>Mariana Testuri, Diana Landoni</strong></li></ul>



<h3><strong>Grupo de Jóvenes Profesionales</strong></h3>



<ul><li>Titular: <strong>Romina Medeiros</strong></li></ul>



<h3><strong>Comisión Académica Gremial y Gestión</strong></h3>



<ul><li><strong>Graciela Borthagaray</strong></li></ul>



<h3><strong>Grupo de Pre-Analítica</strong></h3>



<ul><li><span style="font-family: -apple-system, system-ui, BlinkMacSystemFont, &quot;Segoe UI&quot;, Helvetica, Arial, sans-serif, &quot;Apple Color Emoji&quot;, &quot;Segoe UI Emoji&quot;, &quot;Segoe UI Symbol&quot;;"><strong>Beatriz Varela</strong></span></li></ul>



<h2 id="representacion-institucional">Representación Institucional y Académica</h2>



<h3><strong>Facultad de Química (FQ)</strong></h3>



<ul><li>Consejo: <strong>Fernando Antúnez</strong></li><li>Claustro (Egresados Suplente): <strong>Cristina Servetto</strong></li><li>Comisión de Presupuesto: <strong>Graciela Borthagaray</strong></li><li>Comisión de Reválida: <strong>Cristina Servetto</strong></li><li>Comisión de Carrera: <strong>Romina Medeiros</strong> (Coord.), <strong>Nicol Denis</strong></li></ul>



<h3><strong>UNIT</strong></h3>



<p>Secretaría Técnica: <strong>Ana Piana</strong></p>



<h3><strong>CECC</strong></h3>



<ul><li>Titular: <strong>Laura Yametti</strong></li><li>Suplente: <strong>Mariana Testuri</strong></li></ul>



<h3><strong>Programa del Cannabis</strong></h3>



<ul><li>Comité Técnico Asesor: <strong>Fernanda Coutinho</strong></li></ul>

<p>Representación Internacional (IFCC y Regional) Carlos Lacava Reference Intervals and Decision Limits (C-RIDL) &#8211; Corresponding Member Comité de Nomenclatura para Propiedades y Unidades (C-NPU) &#8211; Corresponding Member Stella Raymondo Representante Nacional ante IFCC Ana Lena Representante Regional COLABIOCLI ante IFCC Fernando Antúnez Member IFCC Task Force Environmental Impact of Lab Med (TF-EILM) Ana Piana Traceability &#8230; <a title="Comisiones y Representantes ABU￼" class="read-more" href="https://www.asociacionbioquimicauruguaya.org/?page_id=2900" aria-label="Más en Comisiones y Representantes ABU￼">Leer más</a></p>
